n factor of 47151 and 791037?
117
What is the highest common divisor of 58 and 37358786?
58
What is the highest common divisor of 768 and 142739392?
64
What is the greatest common divisor of 12410 and 64243?
17
What is the greatest common divisor of 7575202 and 1212?
202
Calculate the greatest common divisor of 3295744 and 4553.
157
What is the greatest common factor of 373741 and 1205989?
3853
Calculate the greatest common divisor of 17 and 34250971.
17
What is the greatest common divisor of 605 and 3129544?
121
What is the highest common divisor of 232 and 25538908?
116
What is the highest common factor of 5882 and 132130307?
2941
What is the greatest common divisor of 81 and 693998604?
81
Calculate the highest common factor of 8274 and 3044.
2
What is the highest common divisor of 42 and 33139911?
21
What is the greatest common factor of 2786254 and 197118?
94
Calculate the greatest common factor of 7593090 and 5865.
15
What is the highest common divisor of 2013744 and 348?
12
What is the greatest common divisor of 110 and 1535698395?
55
What is the greatest common factor of 4818 and 3012856?
1606
Calculate the greatest common factor of 192581546 and 118.
118
Calculate the highest common divisor of 1197 and 428103060.
399
What is the highest common factor of 1300 and 5860400?
1300
Calculate the highest common factor of 772964755 and 1990.
995
What is the greatest common factor of 15032 and 37648?
8
Calculate the greatest common divisor of 1472 and 38736968.
184
Calculate the highest common factor of 25052962 and 22.
22
Calculate the greatest common factor of 8 and 5783848.
8
What is the highest common divisor of 761424 and 9222?
174
Calculate the highest common factor of 215 and 1137755.
5
Calculate the greatest common divisor of 1177 and 429391.
107
What is the highest common factor of 108437471 and 3469?
3469
What is the greatest common factor of 1487436 and 84?
12
What is the greatest common factor of 14273472 and 355776?
3264
What is the highest common divisor of 231 and 67285603?
77
Calculate the highest common divisor of 25056 and 510.
6
Calculate the highest common divisor of 30617 and 31632764.
1801
Calculate the highest common factor of 575 and 584830775.
575
Calculate the highest common divisor of 15243 and 293417588.
5081
What is the greatest common divisor of 2214 and 88337493?
1107
What is the highest common factor of 121429456 and 57?
19
What is the highest common divisor of 2444 and 80840?
188
What is the greatest common factor of 18585 and 307440?
315
What is the highest common divisor of 360970018 and 29?
29
What is the greatest common factor of 21441726 and 6426?
918
Calculate the greatest common factor of 27125 and 5375.
125
What is the highest common divisor of 2817102 and 122?
122
What is the greatest common divisor of 337682 and 354721?
1549
Calculate the greatest common divisor of 7257 and 4150119.
177
Calculate the highest common factor of 4906779 and 6405.
183
What is the highest common divisor of 716 and 6782668?
716
What is the greatest common factor of 6 and 127092750?
6
What is the greatest common divisor of 48 and 323573872?
16
What is the greatest common divisor of 2826395 and 100165?
4355
Calculate the highest common factor of 23100 and 31317000.
3300
What is the greatest common factor of 741 and 8364864?
57
What is the highest common divisor of 200662416 and 576?
144
Calculate the greatest common divisor of 46655583 and 4693.
247
What is the greatest common divisor of 13041 and 7357?
7
Calculate the highest common factor of 1086 and 8324733.
543
Calculate the greatest common divisor of 1116675 and 840.
105
Calculate the greatest common divisor of 87678 and 4194.
18
What is the highest common divisor of 1662682 and 1104601?
1051
What is the greatest common factor of 30315318 and 129642?
4182
Calculate the greatest common divisor of 138859101 and 382.
191
Calculate the highest common divisor of 4171 and 20038.
43
What is the highest common factor of 30140160 and 206412?
2004
What is the greatest common factor of 18081 and 11807334?
441
Calculate the greatest common divisor of 273 and 2153945430.
273
What is the highest common factor of 8223136 and 2463?
821
Calculate the highest common factor of 25197194 and 22.
22
Calculate the highest common divisor of 301735 and 4557105.
1295
What is the highest common divisor of 22 and 388338313?
11
Calculate the highest common divisor of 20 and 617337430.
10
What is the greatest common divisor of 3578400 and 8160?
480
Calculate the greatest common factor of 2380 and 739060.
140
Calculate the greatest common factor of 25049461 and 989.
23
What is the highest common factor of 559 and 57752139?
43
What is the greatest common factor of 17711 and 1881727?
89
Calculate the greatest common divisor of 491405 and 33263.
29
Calculate the highest common divisor of 13356 and 378550221.
1113
What is the highest common divisor of 57 and 11995156?
19
Calculate the highest common factor of 182200 and 247300.
100
Calculate the greatest common factor of 1944 and 147400398.
486
Calculate the greatest common divisor of 21048285 and 5160.
645
Calculate the greatest common factor of 71610 and 33684.
42
What is the highest common factor of 12570 and 16998411?
1257
Calculate the highest common factor of 14177691 and 121.
121
What is the greatest common divisor of 18356 and 2075287?
353
What is the greatest common divisor of 54187066 and 5404?
386
What is the highest common divisor of 7494 and 37366333?
1249
Calculate the greatest common factor of 37088210 and 1515.
505
What is the highest common divisor of 299086215 and 30?
15
What is the highest common divisor of 148697 and 4845546?
241
Calculate the highest common divisor of 13344 and 48041736.
3336
Calculate the greatest common divisor of 330 and 6907120.
110
Calculate the greatest common divisor of 58960 and 676901.
67
What is the greatest common factor of 18072 and 6728?
8
Calculate the greatest common divisor of 6773 and 5031.
13
What is the greatest common factor of 1610743 and 666613?
2861
Calculate the highest common divisor of 309 and 24179353.
103
What is the highest common divisor of 931 and 38323?
19
Calculate the highest common divisor of 245 and 2396205.
35
What is the highest common factor of 7775148 and 78619?
2711
Calculate the greatest common divisor of 59885 and 373694377.
11977
Calculate the greatest common factor of 7511 and 14971453.
203
What is the highest common divisor of 368303 and 325?
13
Calculate the highest common divisor of 415 and 336565.
415
What is the highest common factor of 2264 and 48992?
8
What is the greatest common divisor of 2691490 and 7540?
290
What is the greatest common divisor of 176 and 8356678?
22
Calculate the greatest common factor of 11091735 and 6375.
255
Calculate the highest common factor of 2282602410 and 990.
990
Calculate the highest common divisor of 261 and 721233.
9
What is the highest common divisor of 6083 and 12051886?
77
What is the greatest common divisor of 1206 and 15200022?
402
What is the greatest common factor of 313694712 and 1368?
1368
Calculate the greatest common divisor of 106360 and 21240.
40
What is the highest common divisor of 46587 and 468214?
293
What is the greatest common factor of 8 and 103078718?
2
What is the highest common factor of 911315 and 13095?
485
What is the highest common divisor of 2519362 and 6352?
794
What is the greatest common divisor of 2724 and 101227245?
681
Calculate the highest common factor of 1138256 and 896.
112
Calculate the highest common divisor of 1073 and 854071.
37
Calculate the highest common factor of 33507280 and 134881.
7099
What is the greatest common factor of 14 and 1839383?
7
Calculate the greatest common factor of 38280 and 12280.
40
Calculate the greatest common factor of 15515 and 1045711.
3103
What is the highest common factor of 4319268 and 4428?
492
Calculate the greatest common factor of 549185964 and 3076.
3076
Calculate the greatest common divisor of 9 and 107776.
1
What is the greatest common divisor of 176220945 and 45?
45
Calculate the highest common factor of 515646229 and 7.
7
Calculate the highest common factor of 3178 and 6906248.
454
What is the highest common factor of 5094636 and 14624?
1828
Calcula